 Give y(-46).
-10
Let q(y) = -2*y**3 - 7*y**2 + 10*y - 24. Determine q(-5).
1
Let y(s) = 7*s**2 + 30*s + 137. Calculate y(-7).
270
Let o(a) = -9*a - 164. Calculate o(-19).
7
Let w(o) = -67*o**2 + o + 1. Calculate w(1).
-65
Let s(n) = n**3 - n**2 - 7*n + 13. Calculate s(-7).
-330
Let k(o) = -6*o**3 - 21*o**2 + 19*o + 6. Give k(-6).
432
Let v(s) = 10*s - 331. Determine v(33).
-1
Let o(c) = 2*c**3 + 29*c**2 - 8*c + 9. Determine o(-15).
-96
Let u(f) = 193*f**2 - f - 2. Determine u(-1).
192
Let x(z) = -83*z + 179. Determine x(-6).
677
Let j(d) = -d**2 - 13*d + 50. Determine j(5).
-40
Let x(i) = -i**3 - i**2 + 32*i. Calculate x(-6).
-12
Let c(i) = -i**2 + 71*i - 166. What is c(68)?
38
Let u(n) = -28*n**2 - 88*n - 472. Determine u(-5).
-732
Let z(f) = 5*f**3 - 3*f**2 - 8*f - 18. Calculate z(-3).
-156
Let k(y) = y**3 + 50*y**2 - 53*y - 93. What is k(-51)?
9
Let a(f) = 7*f**3 - 78*f + 212. Calculate a(3).
167
Let a(g) = 6*g**2 - 4*g + 9. What is a(5)?
139
Let v(i) = i**3 - 20*i**2 + 12*i + 2. What is v(19)?
-131
Let l(t) = -11*t + 20. Calculate l(17).
-167
Let q(b) = -b**3 + 3*b**2 + 15*b - 37. Determine q(4).
7
Let z(q) = 5*q**2 + 360*q + 30. Give z(-72).
30
Let b(d) = 61*d + 624. Give b(-10).
14
Let i(g) = g**3 - 6*g**2 - 104*g - 121. What is i(14)?
-9
Let o(s) = s**2 - 115*s - 3651. Determine o(141).
15
Let r(s) = -s**3 + 47*s**2 - 5*s + 129. Calculate r(47).
-106
Let d(n) = 2*n**2 + 551*n + 25237. Calculate d(-58).
7
Let m(j) = 109*j + 48. What is m(-4)?
-388
Let v(a) = 199*a + 2588. What is v(-13)?
1
Let l(n) = 185*n + 727. What is l(-8)?
-753
Let b(o) = 1514*o - 4. What is b(0)?
-4
Let g(x) = 33*x - 113. Calculate g(6).
85
Let v(r) = -3*r**2 + 17*r + 165. Calculate v(8).
109
Let h(s) = 8*s**2 + 91*s - 7. Give h(0).
-7
Let o(j) = -4*j**2 + 69*j - 114. Determine o(16).
-34
Let u(i) = 1324*i + 4104. Determine u(-3).
132
Let g(c) = -224*c**2 - 3352*c + 131. Give g(-15).
11
Let f(r) = -5*r**2 + 14*r + 41. What is f(3)?
38
Let w(c) = c**2 - 6124*c + 24476. What is w(4)?
-4
Let x(f) = -41*f**3 + f**2 + 3*f - 2. Give x(1).
-39
Let l(x) = -2*x**2 + 405*x + 5609. Calculate l(-13).
6
Let p(l) = -3*l - 633. Calculate p(-217).
18
Let y(q) = 4*q - 239. Give y(35).
-99
Let w(h) = -h**2 + 17*h + 25. Calculate w(14).
67
Let g(i) = -18*i**2 - 4*i - 13. What is g(-2)?
-77
Let x(j) = 225*j + 1354. Determine x(-6).
4
Let r(x) = -2*x**2 + 111*x - 685. What is r(7)?
-6
Let s(l) = -2*l**2 + 96*l - 1010. Determine s(31).
44
Let g(j) = 172*j - 387. What is g(6)?
645
Let g(m) = 2*m**3 + 44*m**2 - 70*m - 550. Give g(-23).
2
Let j(s) = s**2 - 38*s + 242. Calculate j(25).
-83
Let l(p) = p**2 - 38*p + 36. What is l(34)?
-100
Let n(q) = q**3 + 4*q**2 - 50*q - 144. Determine n(-3).
15
Let a(t) = -2*t**3 + 148*t**2 - 144*t - 148. What is a(73)?
-2
Let y(o) = -o**3 - 15*o**2 - 34*o - 4. Determine y(-13).
100
Let f(o) = -2*o + 34. What is f(8)?
18
Let z(m) = 3*m**3 - 16*m**2 + 48. Determine z(4).
-16
Let p(o) = -o**3 + 11*o**2 - 2*o + 163. Give p(12).
-5
Let y(w) = 4*w**2 - 116*w - 1754. Calculate y(40).
6
Let r(l) = l**2 - 36*l - 1051. Calculate r(55).
-6
Let p(j) = -j**3 + 32*j**2 - 41*j - 49. What is p(31)?
-359
Let g(t) = 3*t**2 + 138*t + 2. Give g(-46).
2
Let a(n) = -2*n**2 - 23*n - 16. Determine a(-20).
-356
Let g(l) = 5*l**2 - 9*l + 8. Give g(2).
10
Let k(s) = s**3 - 48*s**2 - 442*s - 331. Give k(56).
5
Let q(w) = 163*w + 196. What is q(-1)?
33
Let d(o) = -9*o - 97. Determine d(-21).
92
Let c(s) = 3*s**2 - 13*s + 7. Give c(2).
-7
Let w(x) = -2*x**2 - 13*x + 241. What is w(13)?
-266
Let c(x) = -x**3 + 4*x**2 + 68*x - 351. Give c(7).
-22
Let u(n) = n**2 - 11*n - 231. Give u(-11).
11
Let o(u) = u**3 + 22*u**2 + 97*u + 22. Determine o(-16).
6
Let n(k) = 308*k - 13531. Determine n(44).
21
Let m(i) = 5*i**2 + 205*i - 313. What is m(-43)?
117
Let p(o) = o**3 + 7*o**2 - 23*o - 72. Give p(-9).
-27
Let r(q) = -3982*q + 222991. Give r(56).
-1
Let v(n) = 15*n**2 + 396*n + 382. Calculate v(-1).
1
Let t(y) = -y**3 - 109*y**2 + 334*y - 239. Determine t(-112).
-15
Let z(p) = -8*p**2 - 688*p + 694. Give z(-87).
-2
Let q(z) = 24*z**3 + 229*z**2 + 124*z + 73. Determine q(-9).
10
Let k(x) = -x**2 + 41*x - 215. Calculate k(35).
-5
Let h(r) = -107*r + 452. Give h(4).
24
Let o(r) = 441*r - 1313. Calculate o(3).
10
Let l(s) = 2*s**2 - 1058*s - 7521. Calculate l(-7).
-17
Let n(t) = t**2 + 266*t - 1951. Give n(7).
-40
Let u(l) = -165*l + 2852. Calculate u(18).
-118
Let i(f) = f**2 + 79*f + 1535. What is i(-43)?
-13
Let c(b) = 8*b - 438. Give c(54).
-6
Let v(k) = -3*k**2 - 2350*k - 7021. Give v(-3).
2
Let i(c) = -2*c**2 - 617*c + 4737. Give i(-316).
-3
Let t(b) = -6*b - 210. Calculate t(-36).
6
Let z(w) = -3*w + 17. Give z(-30).
107
Let g(a) = -a**2 - 79*a - 611. Determine g(-11).
137
Let m(s) = -s**3 - 19*s**2 + 16*s - 73. Give m(-20).
7
Let j(x) = -32*x**2 - 798*x + 56. Calculate j(-25).
6
Let l(g) = -2*g**3 - 59*g**2 - 92*g - 212. Determine l(-28).
12
Let h(p) = p**2 + 36*p - 19. Give h(-36).
-19
Let r(a) = -a**3 + 24*a**2 - 65*a + 953. Determine r(23).
-13
Let d(n) = n**3 - 34*n**2 + 193*n - 155. Give d(27).
-47
Let w(d) = -59*d + 253. Give w(4).
17
Let i(u) = 10*u**2 - 1588*u + 5891. Determine i(155).
1
Let p(g) = 3*g**3 + 41*g**2 - 12*g + 25. Give p(-14).
-3
Let r(z) = -2*z**2 - 35*z + 129. What is r(13)?
-664
Let j(w) = 34*w - 419. What is j(12)?
-11
Let r(s) = -s**2 - 90*s + 213. Determine r(3).
-66
Let g(b) = -295*b - 886. Determine g(-3).
-1
Let l(x) = x**3 - 15*x**2 - 49*x - 94. What is l(18)?
-4
Let q(n) = -7*n + 323. Give q(47).
-6
Let x(i) = 383*i + 2679. Calculate x(-7).
-2
Let y(v) = -v**2 - 1259*v - 16208. Calculate y(-13).
-10
Let x(w) = -w**2 - 12*w + 22. What is x(-11)?
33
Let z(w) = 3*w**2 + 72*w - 737. Determine z(10).
283
Let r(l) = l**3 - 33*l**2 - 29*l - 205. Calculate r(34).
-35
Let h(i) = -2*i**3 + 65*i**2 - 25*i - 68. Give h(32).
156
Let i(x) = 4*x**2 + 111*x - 33. Give i(-25).
-308
Let p(g) = g**3 - 47*g**2 - 88*g + 21. Calculate p(-2).
1
Let v(w) = -48*w - 168. Give v(-4).
24
Let q(u) = u**3 - 19*u**2 + 58*u - 2. What is q(15)?
-32
Let b(q) = q**2 + 175*q - 4765. Calculate b(-199).
11
Let a(v) = -87*v + 9121. What is a(105)?
-14
Let f(c) = 15*c**2 - 141*c + 41. Determine f(9).
-13
Let w(u) = -45*u + 2424. Give w(58).
-186
Let l(z) = z**3 - 56*z**2 - 50*z - 391. Determine l(57).
8
Let g(o) = 7*o**3 - 2*o**2 + 6. What is g(2)?
54
Let f(t) = -56*t - 10182. What is f(-182)?
10
Let p(g) = g**2 - 6*g - 471. Determine p(-19).
4
Let z(p) = 42*p**2 - 3*p + 1. What is z(0)?
1
Let i(u) = 5389*u - 75436. What is i(14)?
10
Let h(j) = j**3 + 9*j**2 - 40*j - 450. Calculate h(-11).
-252
Let q(u) = -15*u - 653. What is q(-44)?
7
Let y(r) = r**3 + 20*r**2 + 3*r + 67. What is y(-20)?
7
Let w(g) = 180*g - 1166. Calculate w(7).
94
Let p(f) = -f**3 + 7*f**2 + 499*f - 3023. What is p(6)?
7
Let k(x) = -19*x - 438. What is k(-16)?
-134
Let f(d) = 3*d**3 + 52*d**2 + 23*d + 28. Determine f(-17).
-74
Let i(u) = 57*u - 977. Determine i(16).
-65
Let l(a) = a**2 + 4*a - 10. Give l(8).
86
Let p(b) = -1321*b + 5284. Give p(4).
0
Let c(y) = -146*y + 1852. Give c(13).
-46
Let z(w) = 341*w - 269. Give z(1).
72
Let y(v) = -v**2 + 822*v - 22980. Determine y(29).
17
Let n(b) = 24*b**2 - 9*b - 83. Give n(-4).
337
Let h(x) = -327*x + 6557. Determine h(20).
17
Let v(g) = 3*g**2 - 194*g + 2671. What is v(19)?
68
Let y(v) = -32*v - 486. What is y(-11)?
-134
Let v(z) = -z**3 + 8*z**2 + 25*z - 26. Give v(9).
118
Let b(c) = -8*c**2 - 8*c - 3. Give b(-4).
-99
Let z(h) = h**2 + 15*h - 34. What is z(3)?
20
Let n(g) = g**2 - 87*g + 939. Determine n(13).
-23
Let a(b) = b**2 + 36*b - 1280. What is a(-58)?
-4
Let i(v) = 69*v + 6072. Determine i(-88).
0
Let a(v) = -77*v**2 + 1079*v + 2. Give a(14).
16
Let y(q) = 4*q**2 - 107*q - 14. Give y(27).
13
Let l(u) = -2*u**3 - 16*u**2 - 11*u - 6. What is l(-7)?
-27
Let d(f) = 2*f**2 + 48*f - 484. Determine d(-33).
110
Let a(k) = 15*k**3 - k**2 + 6*k - 7. Give a(-3).
-439
Let a(u) = -u**3 - 16*u**2 - 4*u + 256. Calculate a(-5).
1
Let i(s) = -2*s**3 - s**2 + 45*s + 11. Give i(0).
11
Let n(z) = -4*z**2 - 55*z - 97. What is n(-12)?
-13
Let a(s) = s**3 + 8*s**2 + 5*s - 34. Give a(-4).
10
Let z(f) = -37*f**2 - 23*f - 47. Calculate z(-3).
-311
Let b(v) = 185*v + 194. Give b(0).
194
Let 